ens digit of 8601180?
8
What is the hundred millions digit of 6053694113?
0
What is the ten thousands digit of 684846226?
4
What is the hundreds digit of 180085571?
5
What is the thousands digit of 30565610?
5
What is the hundred thousands digit of 47018354?
0
What is the units digit of 787948898?
8
What is the ten thousands digit of 177194419?
9
What is the hundreds digit of 87948838?
8
What is the thousands digit of 2687124661?
4
What is the tens digit of 1624603?
0
What is the tens digit of 2108571524?
2
What is the hundred thousands digit of 5341015002?
0
What is the thousands digit of 469462275?
2
What is the hundreds digit of 74175682?
6
What is the hundred thousands digit of 81314039?
3
What is the hundred thousands digit of 2172418919?
4
What is the units digit of 23615315?
5
What is the hundred thousands digit of 140608836?
6
What is the hundred thousands digit of 2631278180?
2
What is the billions digit of 3104256543?
3
What is the hundred thousands digit of 6891182666?
1
What is the tens digit of 1134582418?
1
What is the thousands digit of 507652819?
2
What is the thousands digit of 13311178?
1
What is the units digit of 63692407?
7
What is the hundred millions digit of 176696471?
1
What is the ten millions digit of 59274572?
5
What is the tens digit of 814494381?
8
What is the tens digit of 69316531?
3
What is the hundreds digit of 1333994051?
0
What is the tens digit of 316286299?
9
What is the ten thousands digit of 203023579?
2
What is the millions digit of 28828271?
8
What is the thousands digit of 2697077741?
7
What is the thousands digit of 115712606?
2
What is the thousands digit of 1317925609?
5
What is the hundred thousands digit of 4967692?
9
What is the thousands digit of 34850131?
0
What is the ten thousands digit of 1756713924?
1
What is the ten thousands digit of 14659716?
5
What is the ten millions digit of 19892477?
1
What is the ten thousands digit of 29643297?
4
What is the ten millions digit of 31915389?
3
What is the ten millions digit of 862916486?
6
What is the ten thousands digit of 530214623?
1
What is the thousands digit of 107352873?
2
What is the hundred thousands digit of 33853929?
8
What is the ten thousands digit of 17641076?
4
What is the hundred millions digit of 3140668566?
1
What is the millions digit of 4218741387?
8
What is the hundred thousands digit of 197778678?
7
What is the ten millions digit of 2297289243?
9
What is the hundreds digit of 188083390?
3
What is the hundred thousands digit of 3215510999?
5
What is the thousands digit of 16540547?
0
What is the ten thousands digit of 304684402?
8
What is the ten millions digit of 951045361?
5
What is the millions digit of 442366700?
2
What is the millions digit of 363796151?
3
What is the tens digit of 594210937?
3
What is the ten thousands digit of 259165108?
6
What is the thousands digit of 478443864?
3
What is the thousands digit of 138934320?
4
What is the tens digit of 238723023?
2
What is the tens digit of 2376852586?
8
What is the thousands digit of 71547975?
7
What is the units digit of 285864241?
1
What is the ten thousands digit of 4606399983?
9
What is the units digit of 61451104?
4
What is the hundred millions digit of 287592935?
2
What is the ten thousands digit of 57728538?
2
What is the billions digit of 6429836524?
6
What is the hundreds digit of 6225953?
9
What is the thousands digit of 4077986745?
6
What is the units digit of 94949934?
4
What is the units digit of 2198776583?
3
What is the hundred millions digit of 2087752472?
0
What is the billions digit of 3258280941?
3
What is the ten thousands digit of 276857460?
5
What is the ten thousands digit of 231511486?
1
What is the tens digit of 2117005406?
0
What is the tens digit of 2011758478?
7
What is the ten millions digit of 70718484?
7
What is the billions digit of 1947395930?
1
What is the ten millions digit of 64944364?
6
What is the units digit of 46493131?
1
What is the units digit of 227396676?
6
What is the hundred thousands digit of 61222695?
2
What is the ten millions digit of 251966735?
5
What is the tens digit of 106487153?
5
What is the hundred millions digit of 3081219761?
0
What is the ten thousands digit of 325465987?
6
What is the units digit of 29315733?
3
What is the ten thousands digit of 79860970?
6
What is the hundreds digit of 22696117?
1
What is the thousands digit of 20165405?
5
What is the hundred thousands digit of 165082495?
0
What is the hundred thousands digit of 471044833?
0
What is the ten thousands digit of 69091571?
9
What is the ten thousands digit of 114409827?
0
What is the thousands digit of 41370272?
0
What is the millions digit of 203947653?
3
What is the ten thousands digit of 27318060?
1
What is the units digit of 232086572?
2
What is the ten millions digit of 3780874827?
8
What is the hundred millions digit of 3408560028?
4
What is the ten millions digit of 780376581?
8
What is the tens digit of 24036266?
6
What is the hundred thousands digit of 8241686?
2
What is the thousands digit of 46476362?
6
What is the units digit of 454529950?
0
What is the millions digit of 1162678919?
2
What is the ten thousands digit of 575164056?
6
What is the tens digit of 1546712085?
8
What is the hundred thousands digit of 404225358?
2
What is the hundreds digit of 43915860?
8
What is the hundred millions digit of 119548083?
1
What is the units digit of 1218492381?
1
What is the units digit of 39759912?
2
What is the ten thousands digit of 32310861?
1
What is the millions digit of 19962366?
9
What is the hundreds digit of 612022463?
4
What is the hundred thousands digit of 72831439?
8
What is the billions digit of 4282715474?
4
What is the hundred thousands digit of 4431135954?
1
What is the millions digit of 2037434?
2
What is the ten millions digit of 759667846?
5
What is the tens digit of 181006549?
4
What is the millions digit of 158431787?
8
What is the ten millions digit of 133615867?
3
What is the thousands digit of 53172872?
2
What is the hundred thousands digit of 11899098?
8
What is the hundred thousands digit of 4002412845?
4
What is the thousands digit of 66115738?
5
What is the units digit of 38558218?
8
What is the ten thousands digit of 762934160?
3
What is the hundreds digit of 124545928?
9
What is the hundred thousands digit of 3993037170?
0
What is the billions digit of 8351402734?
8
What is the hundreds digit of 954236178?
1
What is the tens digit of 3476509959?
5
What is the hundreds digit of 154836911?
9
What is the thousands digit of 58726555?
6
What is the units digit of 126614414?
4
What is the units digit of 265493533?
3
What is the millions digit of 17239111?
7
What is the thousands digit of 161793128?
3
What is the ten millions digit of 108321299?
0
What is the ten thousands digit of 134176320?
7
What is the ten millions digit of 836644664?
3
What is the millions digit of 47310781?
7
What is the ten millions digit of 652368075?
5
What is the hundred thousands digit of 53151332?
1
What is the hundreds digit of 222558378?
3
What is the hundred thousands digit of 467337936?
3
What is the millions digit of 896615539?
6
What is the hundred thousands digit of 161721482?
7
What is the hundred millions digit of 1416684573?
4
What is the thousands digit of 37560311?
0
What is the thousands digit of 1427041623?
1
What is the tens digit of 2671977662?
6
What is the tens digit of 224967683?
8
What is the hundred millions digit of 1451075902?
4
What is the units digit of 665619709?
9
What is the thousands digit of 215347399?
7
What is the hundred thousands digit of 38919629?
9
What is the units digit of 264215195?
5
What is the hundred millions digit of 632479008?
6
What is the tens digit of 6308836?
3
What is the units digit of 262474799?
9
What is the hundreds digit of 2618955?
9
What is the hundreds digit of 643544383?
3
What is the hundred thousands digit of 8780307150?
3
What is the hundreds digit of 42905007?
0
What is the hundred thousands digit of 740514236?
5
What is the ten thousands digit of 302321748?
2
What is the tens digit of 1280558785?
8
What is the hundred millions digit of 113713301?
1
What is the hundred thousands digit of 12898358?
8
What is the thousands digit of 13542335?
2
What is the ten thousands digit of 